lculate -2 + -15 + 7 + 7.
-3
Calculate (-13 - (12 - 23)) + (3 - 1).
0
-6 - ((-3 - -1) + 5 + -7)
-2
What is the value of -10 + (3 + 9 - 4)?
-2
Calculate 6 + (-2 - 1 - 8).
-5
What is the value of 5 + (-1 - 0) - 0 - 1?
3
What is 4 + -2 + (4 - 2) + -3?
1
What is the value of -3 - (-10 + 9 + 4)?
-6
Calculate -1 + (-2 - (-7 + 2 + -2)).
4
What is 2 + 3 - 6 - -9?
8
1 + -7 + (-14 - -18)
-2
What is the value of -8 - (9 + -8 + -4)?
-5
Calculate (1 - -2 - 4) + -3 - -8.
4
Calculate -2 - -6 - (12 + 0).
-8
-2 - 1 - (14 + -18)
1
Evaluate 1 + (1 - -1 - -1).
4
-10 + (10 - -12 - 7)
5
What is 1 - (0 - (-1 + -1))?
-1
6 + (-1 - (3 + 4 + -6))
4
Calculate 6 + -1 - (-24 - -31).
-2
Calculate 5 - (-1 + -1 + -13 + 15).
5
What is 0 + 3 + -42 + 39?
0
Calculate (3 - 0 - 0) + -2 + 1.
2
What is 4 - (2 + 8 + -2 + -4)?
0
12 - (1 + 5 + -3) - 5
4
Calculate -5 + 0 - (0 - 4).
-1
What is the value of -4 + 2 + (5 + 0 - 9)?
-6
What is -2 + (-1 - -6) + (1 - 1)?
3
-2 + (0 - -4 - (43 - 41))
0
Calculate 3 - (0 + -3 - (-9 + 9)).
6
What is the value of (14 - 3 - 6) + -4?
1
Evaluate 1 - (6 + (4 - (9 + 0))).
0
(1 - 7) + (2 - (-5 + 5))
-4
What is the value of -4 - (-3 + (-2 - 3 - -4))?
0
Calculate -6 - (8 + (-9 - 1)).
-4
What is the value of (1 - 0) + -5 + 12 + -10?
-2
Evaluate 0 + -2 - (5 - 15 - -11).
-3
5 - (1 + -6 - -15)
-5
What is the value of -6 + 2 - -14 - 11?
-1
Evaluate (2 - (-2 - -7)) + 2.
-1
Calculate -1 + (0 - (-5 - -2)).
2
Evaluate -1 + -3 + (1 + 0 - -1).
-2
What is (0 - -4) + -8 + (-22 - -16)?
-10
Evaluate (14 - 19) + 6 + -4.
-3
What is the value of 9 - (3 + (3 - 0)) - 5?
-2
Calculate -1 + -2 + 2 + -3.
-4
Calculate 3 - 1 - (-27 + 29).
0
Calculate -6 + 31 + -29 + (2 - 2).
-4
What is the value of 8 + (-20 - -16) - (1 + -8)?
11
Evaluate (-6 + -1 - -17) + -6 + -2.
2
Calculate 20 + -4 + -13 + 0 + 1.
4
What is the value of 11 - (8 + 14 + -4)?
-7
What is (1 - -2) + -4 + -1 + 1?
-1
Calculate 10 - (29 + -9 + -6).
-4
Evaluate 13 + -3 + (0 - 9).
1
Evaluate (0 - 0) + (2 - -3).
5
What is 3 + -10 - 0 - -4?
-3
Evaluate -4 + (5 + -4 - 1).
-4
What is -1 + -2 - -6 - 1?
2
What is the value of -4 + 0 + (5 - -2) + 4?
7
8 - (-6 - -19) - -1
-4
Evaluate 1 + -2 + 5 - (-7 - -14).
-3
Evaluate (-4 - (-4 - -5)) + -5 + 6.
-4
What is (1 - 14) + -2 + 9?
-6
-14 + 1 - (-17 - -8)
-4
Calculate 0 - 9 - (-59 - -57).
-7
-3 + (10 - 3) + -2 + -1
1
-35 + 34 - (-3 + -1)
3
Calculate -1 + -11 + 6 + (19 - 2).
11
Evaluate 7 - (4 + (0 - (1 - -1))).
5
Calculate -3 - (-3 + -1 - -3) - 0.
-2
What is -4 + 4 + (-10 - -4 - -5)?
-1
Evaluate -1 + -4 + 1 + 1.
-3
What is 12 + (-12 - 0) - -4?
4
3 + -2 + (-10 - (7 - 18))
2
What is -5 - (-6 - 0 - (0 - 1))?
0
What is the value of 2 + (3 - 6 - 4)?
-5
What is (12 - (-6 - -5)) + -7?
6
What is 10 + -12 + (5 - 4) + 5?
4
What is -1 + (-4 - -2) + 10?
7
What is (7 - 2) + -3 - (0 + 3)?
-1
Evaluate 1 - (-7 + -6 + 4 + 8).
2
Calculate 1 - -3 - (0 + 6).
-2
Evaluate -3 + (20 + -17 - (1 + -2)).
1
Calculate -3 - (0 - (-1 - -1)).
-3
Calculate 5 - (-1 + 2 + -1 + 2).
3
What is -2 + 0 + 0 - 3?
-5
((4 - 6) + 1 - -2) + -1
0
What is 9 - (-9 + 15) - 4?
-1
Evaluate 9 - (3 - -7) - (3 - 1).
-3
Calculate 1 - (0 + -2 + -2 + 6).
-1
(-5 - -8 - 7) + 5
1
Evaluate 0 + -3 + (-10 - -7 - -1).
-5
Calculate 47 - 34 - (6 + 0).
7
What is -18 + 3 + 4 - -10?
-1
(-5 - -9) + -3 + -1
0
-4 + (2 - -4) + 1 + 1
4
Evaluate 3 + -6 + 11 - 4.
4
What is (19 - 21) + 1 + 0?
-1
Evaluate 4 + -9 - (-5 - 0) - 3.
-3
Evaluate 3 - (2 + -1 + 4).
-2
What is the value of 1 - (1 - (1 - 3)) - -3?
1
What is the value of (-137 - -133) + (2 + -1 - 0)?
-3
What is -17 - -9 - (0 - 7)?
-1
What is the value of 24 + -16 + (-2 - 1)?
5
Evaluate (18 - 12) + (0 - 13).
-7
What is 1 + -3 - -2 - (4 - 9)?
5
Calculate (-6 - (-2 + -9)) + -7.
-2
What is the value of 20 + -11 - (3 - -8)?
-2
Evaluate 1 - (2 + 0 + 0) - 6.
-7
Evaluate (7 - 2 - 4) + -3 + 0.
-2
What is the value of 2 + -3 + (1 - 3) - -4?
1
8 - (4 - 9 - -12)
1
Calculate (3 - (5 + -1)) + -6 + 2.
-5
Evaluate -1 + 0 + 0 - (-306 - -305).
0
Evaluate -5 + (-1 - -1) - (-75 - -71).
-1
-1 + -5 - (27 + -27)
-6
Calculate -11 - (6 - 11 - -3).
-9
What is the value of (-3 - 1) + (42 - 45)?
-7
What is 11 + (2 - 11) - 4?
-2
-3 - (0 - 5) - 6
-4
Calculate 1 - (-6 + 7) - -4.
4
What is the value of (35 + -33 - (-1 + 0)) + -3?
0
Calculate 15 + -13 + (-12 - -19).
9
What is -15 + -1 + (2 - -6) - 1?
-9
Calculate 11 + -5 + -9 - (-2 - -1).
-2
What is the value of (-3 - (-2 - 4)) + -3?
0
Evaluate -3 - ((-2 - 3) + 2).
0
What is the value of 2 - (0 + 9) - -5?
-2
What is the value of (50 - 58) + (2 - 0) + 0?
-6
What is -9 + 5 + 1 + (7 - 1)?
3
Calculate 2 + -3 - (-1 - -4).
-4
(0 - -1) + 2 + 0 + 1
4
Calculate -6 + 12 + -6 + (-2 - -1).
-1
Evaluate 1 - (-9 + 6 + 6).
-2
Calculate 0 + -5 - (0 - (4 - 4)).
-5
Calculate 3 - (-8 + 12) - -5.
4
Calculate -8 - (6 - (4 + 4)).
-6
What is 0 - (-6 - (0 - 2 - 10))?
-6
-3 + -1 + -1 + 4
-1
What is (4 - (1 - 0)) + 2?
5
Evaluate 2 + 0 + -3 + 1.
0
(-13 - -19) + -7 + -2
-3
Calculate -4 + (2 - -5) + (-8 - -2).
-3
Calculate -4 - -4 - (0 - 2).
2
Calculate (5 - -4) + -3 - 7.
-1
Calculate 0 + -5 - -2 - (-31 - -28).
0
What is -3 + (4 - 14) + 8?
-5
Evaluate -3 + 2 + (2 - -1 - 0).
2
What is -1 + (2 + 3 - -1)?
5
(2 - 2) + (8 - -6 - 7)
7
-3 + 6 + -11 + 8
0
(-8 + 8 + 0 - -4) + 2
6
What is the value of -10 + (3 + 0 + -4 - -8)?
-3
Calculate -2 + 1 + -2 + 64 + -60.
1
Evaluate 1 - (4 + -10 + 2).
5
What is (3 - -4) + 4 + (-7 - -1)?
5
What is -3 + 0 - -4 - -1?
2
What is the value of (-3 - 0) + (-3 - -2 - 1)?
-5
(-3 + -2 - -9) + -3
1
What is 69 + -69 + (-1 - -5)?
4
What is the value of 2 + 0 - (5 - 7 - -1)?
3
What is (3 - -17) + -15 - (3 + 0)?
2
2 + 2 + (-6 - -6) + -2
2
Calculate -11 - (-10 + 3 + -1).
-3
What is -1 + (-5 - -1) + 47 + -42?
0
Calculate -1 + 3 + (13 - 13).
2
Calculate 12 - ((-2 - -14) + -6).
6
Calculate (22 - (-3 - -10)) + -8.
7
What is -1 + 10 + -2 + -11?
-4
-2 + 8 - 13 - -6
-1
Calculate -1 + (5 - 6) - (-3 + -1).
2
What is the value of 4 + -1 - ((4 - 2) + -4)?
5
Evaluate 2 + (5 + -4 + -3 - 2).
-2
-6 - (3 - (-4 + 23 + -4))
6
Evaluate -4 - (0 - 0 - 1).
-3
Evaluate 1 + -26 + 9 - (-9 - -2).
-9
Evaluate 0 + -2 - (-1 - -5).
-6
Evaluate -2 - 2 - -5 - (-2 + 9).
-6
Evaluate (14 - 14) + (-1 - 0 - 0).
-1
Evaluate 0 + 7 + -10 + 6.
3
(13 - 3) + -3 + 1
8
-6 + (5 - (1 + 3 + -2))
-3
Calculate -9 + -8 + 4 - -7.
-6
What is the value of 0 - (2 + -9 + 13)?
-6
Calculate (3 - (1 + 5)) + (1 - -1).
-1
Calculate 3 + (7 - -1 - 6) + -1.
4
-1 + -3 - (-138 - -139)
-5
What is the value of 13 + (11 + -15 - 15)?
-6
Calculate -12 - -19 - (-1 + 9).
-1
Calculate -11 - ((-4 - -6) + -7).
-6
Calculate 4 + 6 + 2 + -11.
1
Evaluate -2 + 5 + -2 - (-3 + 2).
2
Evaluate (-1 - (1 + -4)) + (5 - 9).
-2
Evaluate 4 + -4 + 0 + (26 - 17).
9
Evaluate -3 + (5 - 3) - 0 - 5.
-6
What is the value of (7 - (3 - -6)) + -3?
-5
Calculate (-5 - -8) + -1 + -1.
1
Calculate 0 + -1 - 8 - -8.
-1
Calculate -5 + 7 - (5 - (7 + -3)).
1
Calculate -7 + 1 - (-3 + 0).
-3
Calculate 2 - (-1 - (0 + -4)).
-1
Evaluate (8 - -1) + -11 + 7 - 2.
3
Calculate 2 - (4 + 0 + -4) - -4.
6
What is the value of (-1 + -12 - -10) + 3?
0
1 + -2 + 2 + 2 + -2
1
Calculate 12 - 14 - ((0 - -1) + 0).
-3
What is 0 + -7 + 1 + 1?
-5
Calculate (-2 - (-8 + -2)) + -14.
-6
Evaluate 5 + -2 + -3 + -5.
-5
Evaluate -2 + 14 - (-9 + 13).
8
Calculate -14 - -13 - (2 - 8).
5
Evaluate 5 - (4 - (5 - (5 - 5))).
6
Calculate -5 - -11 - 4 - (2 - 4).
4
Calculate (6 - -14) + -17 - (1 + 0).
2
Evaluate (9 - -2) + (-4 - -1) + 0.
8
7 + (3 - (8 - (-2 + 7)))
7
What is the value of -12 - (-11 + 2) - 4?
-7
What is (-2 + 0 - -4) + 0 + -6?
-4
Evaluate 0 + 3 + -1 + -3.
-1
Calculate -3 - (0 - (12 - 3)).
6
Calculate (2 - -1) + (8 - 14).
-3
Calculate -2 + 8 + 2 - 4.
4
Evaluate 3 - (1 - (-1 + 3) - -9).
-5
What is the value of 3 - (-1 + -4 + 8)?
0
Evaluate -17 - (-11 - 0) - (2 - 15).
7
Calculate (-2 - 1 - -5) + -7.
-5
What is the value of 4 + (9 - (11 + -6)) + -18?
-10
What is the value of -2 - (1 + (-2 - 0))?
-1
Calculate 0 + (-2 + 6 - 9).
-5
Calculate 0 - 2 - (6 - (4 + -2)).
-6
What is the value of -7 - (-4 - ((-8 - -25) + -6))?
8
Evaluate 4 + (-6 + 1 + 5 - -1).
5
Evaluate 1 + (-12 - -4) + 13.
6
3 + -8 - (-2 - 7)
4
What is the value of (-1 - 1) + (-4 - (-5 - -4))?
-5
What is 4 + -3 - (7 - 5 - -2)?
-3
0 + 12 + -19 - -4
-3
What is the value of 0 + -3 - (-2 + 0)